{"id":7309,"date":"2023-12-20T10:06:46","date_gmt":"2023-12-20T09:06:46","guid":{"rendered":"https:\/\/www.hotelaromar.com\/politica-de-privacitat\/"},"modified":"2026-09-03T09:03:08","modified_gmt":"2026-09-03T07:03:08","slug":"politica-de-privacidad","status":"publish","type":"page","link":"https:\/\/www.hotelaromar.com\/es\/politica-de-privacidad\/","title":{"rendered":"Pol\u00edtica de privacidad"},"content":{"rendered":"\t\t<div data-elementor-type=\"wp-page\" data-elementor-id=\"7309\" class=\"elementor elementor-7309 elementor-4453\" data-elementor-post-type=\"page\">\n\t\t\t\t<div class=\"elementor-element elementor-element-8a73b28 e-flex e-con-boxed e-con e-parent\" data-id=\"8a73b28\" data-element_type=\"container\" data-e-type=\"container\" data-settings=\"{&quot;background_background&quot;:&quot;classic&quot;}\">\n\t\t\t\t\t<div class=\"e-con-inner\">\n\t\t\t\t<div class=\"elementor-element elementor-element-1ad8b2c elementor-widget elementor-widget-heading\" data-id=\"1ad8b2c\" data-element_type=\"widget\" data-e-type=\"widget\" data-widget_type=\"heading.default\">\n\t\t\t\t<div class=\"elementor-widget-container\">\n\t\t\t\t\t<h1 class=\"elementor-heading-title elementor-size-default\">Pol\u00edtica de privacidad<\/h1>\t\t\t\t<\/div>\n\t\t\t\t<\/div>\n\t\t\t\t<div class=\"elementor-element elementor-element-940b060 elementor-widget elementor-widget-text-editor\" data-id=\"940b060\" data-element_type=\"widget\" data-e-type=\"widget\" data-widget_type=\"text-editor.default\">\n\t\t\t\t<div class=\"elementor-widget-container\">\n\t\t\t\t\t\t\t\t\t<p>Responsable: Hotel Aromar, S.A. &#8211; CIF: A08129538 Dir. Postal: Avda. De La Platja, 25 &#8211; Castell D Aro 17249 Girona<\/p><p>\u201cEn nombre de la empresa tratamos la informaci\u00f3n que nos facilita con el fin de prestarles el servicio solicitado y realizar la facturaci\u00f3n del mismo. Los datos proporcionados se conservar\u00e1n mientras se mantenga la relaci\u00f3n comercial o durante los a\u00f1os necesarios para cumplir con las obligaciones legales. Los datos no se ceder\u00e1n a terceros salvo en los casos en que exista una obligaci\u00f3n legal. Usted tiene derecho a obtener confirmaci\u00f3n sobre si en Hotel Aromar, S.A. estamos tratando sus datos personales por tanto tiene derecho a acceder a sus datos personales, rectificar los datos inexactos o solicitar su supresi\u00f3n cuando los datos ya no sean necesarios.<\/p>\t\t\t\t\t\t\t\t<\/div>\n\t\t\t\t<\/div>\n\t\t\t\t\t<\/div>\n\t\t\t\t<\/div>\n\t\t\t\t<\/div>\n\t\t","protected":false},"excerpt":{"rendered":"<p>Responsable: Hotel Aromar, S.A. &#8211; CIF: A08129538 Dir. Postal: Avda. De La Platja, 25 &#8211; Castell D Aro 17249 Girona \u201cEn nombre de la empresa tratamos la informaci\u00f3n que nos facilita con el fin de prestarles el servicio solicitado y realizar la facturaci\u00f3n del mismo. Los datos proporcionados se conservar\u00e1n mientras se mantenga la relaci\u00f3n&hellip;&nbsp;<\/p>\n","protected":false},"author":1,"featured_media":0,"parent":0,"menu_order":0,"comment_status":"closed","ping_status":"closed","template":"elementor_header_footer","meta":{"_acf_changed":false,"neve_meta_sidebar":"","neve_meta_container":"","neve_meta_enable_content_width":"off","neve_meta_content_width":100,"neve_meta_title_alignment":"","neve_meta_author_avatar":"","neve_post_elements_order":"","neve_meta_disable_header":"","neve_meta_disable_footer":"","neve_meta_disable_title":"","neve_meta_reading_time":"","footnotes":""},"class_list":["post-7309","page","type-page","status-publish","hentry"],"acf":[],"yoast_head":"<!-- This site is optimized with the Yoast SEO plugin v28.4 - https:\/\/yoast.com\/product\/yoast-seo-wordpress\/ -->\n<title>Pol\u00edtica de privacidad | Hotel Aromar<\/title>\n<meta name=\"robots\" content=\"noindex, follow\" \/>\n<meta property=\"og:locale\" content=\"es_ES\" \/>\n<meta property=\"og:type\" content=\"article\" \/>\n<meta property=\"og:title\" content=\"Pol\u00edtica de privacidad | Hotel Aromar\" \/>\n<meta property=\"og:description\" content=\"Responsable: Hotel Aromar, S.A. &#8211; CIF: A08129538 Dir. Postal: Avda. De La Platja, 25 &#8211; Castell D Aro 17249 Girona \u201cEn nombre de la empresa tratamos la informaci\u00f3n que nos facilita con el fin de prestarles el servicio solicitado y realizar la facturaci\u00f3n del mismo. Los datos proporcionados se conservar\u00e1n mientras se mantenga la relaci\u00f3n&hellip;&nbsp;\" \/>\n<meta property=\"og:url\" content=\"https:\/\/www.hotelaromar.com\/es\/politica-de-privacidad\/\" \/>\n<meta property=\"og:site_name\" content=\"Hotel Aromar\" \/>\n<meta property=\"article:publisher\" content=\"https:\/\/www.facebook.com\/hotelaromar.platjadaro\/\" \/>\n<meta property=\"article:modified_time\" content=\"2026-09-03T07:03:08+00:00\" \/>\n<meta property=\"og:image\" content=\"https:\/\/www.hotelaromar.com\/wp-content\/uploads\/2024\/04\/Aromar.jpg\" \/>\n\t<meta property=\"og:image:width\" content=\"1200\" \/>\n\t<meta property=\"og:image:height\" content=\"675\" \/>\n\t<meta property=\"og:image:type\" content=\"image\/jpeg\" \/>\n<meta name=\"twitter:card\" content=\"summary_large_image\" \/>\n<meta name=\"twitter:label1\" content=\"Tiempo de lectura\" \/>\n\t<meta name=\"twitter:data1\" content=\"1 minuto\" \/>\n<script type=\"application\/ld+json\" class=\"yoast-schema-graph\">{\"@context\":\"https:\\\/\\\/schema.org\",\"@graph\":[{\"@type\":\"WebPage\",\"@id\":\"https:\\\/\\\/www.hotelaromar.com\\\/es\\\/politica-de-privacidad\\\/\",\"url\":\"https:\\\/\\\/www.hotelaromar.com\\\/es\\\/politica-de-privacidad\\\/\",\"name\":\"Pol\u00edtica de privacidad | Hotel Aromar\",\"isPartOf\":{\"@id\":\"https:\\\/\\\/www.hotelaromar.com\\\/es\\\/#website\"},\"datePublished\":\"2023-12-20T09:06:46+00:00\",\"dateModified\":\"2026-09-03T07:03:08+00:00\",\"breadcrumb\":{\"@id\":\"https:\\\/\\\/www.hotelaromar.com\\\/es\\\/politica-de-privacidad\\\/#breadcrumb\"},\"inLanguage\":\"es\",\"potentialAction\":[{\"@type\":\"ReadAction\",\"target\":[\"https:\\\/\\\/www.hotelaromar.com\\\/es\\\/politica-de-privacidad\\\/\"]}]},{\"@type\":\"BreadcrumbList\",\"@id\":\"https:\\\/\\\/www.hotelaromar.com\\\/es\\\/politica-de-privacidad\\\/#breadcrumb\",\"itemListElement\":[{\"@type\":\"ListItem\",\"position\":1,\"name\":\"Portada\",\"item\":\"https:\\\/\\\/www.hotelaromar.com\\\/es\\\/\"},{\"@type\":\"ListItem\",\"position\":2,\"name\":\"Pol\u00edtica de privacidad\"}]},{\"@type\":\"WebSite\",\"@id\":\"https:\\\/\\\/www.hotelaromar.com\\\/es\\\/#website\",\"url\":\"https:\\\/\\\/www.hotelaromar.com\\\/es\\\/\",\"name\":\"Aromar Hotels & Restaurants\",\"description\":\"La teva llar mediterr\u00e0nia davant del mar\",\"publisher\":{\"@id\":\"https:\\\/\\\/www.hotelaromar.com\\\/es\\\/#organization\"},\"alternateName\":\"Aromar Hotels & Restaurants\",\"potentialAction\":[{\"@type\":\"SearchAction\",\"target\":{\"@type\":\"EntryPoint\",\"urlTemplate\":\"https:\\\/\\\/www.hotelaromar.com\\\/es\\\/?s={search_term_string}\"},\"query-input\":{\"@type\":\"PropertyValueSpecification\",\"valueRequired\":true,\"valueName\":\"search_term_string\"}}],\"inLanguage\":\"es\"},{\"@type\":\"Organization\",\"@id\":\"https:\\\/\\\/www.hotelaromar.com\\\/es\\\/#organization\",\"name\":\"Hotel Aromar\",\"alternateName\":\"Aromar Hotels\",\"url\":\"https:\\\/\\\/www.hotelaromar.com\\\/es\\\/\",\"logo\":{\"@type\":\"ImageObject\",\"inLanguage\":\"es\",\"@id\":\"https:\\\/\\\/www.hotelaromar.com\\\/es\\\/#\\\/schema\\\/logo\\\/image\\\/\",\"url\":\"https:\\\/\\\/www.hotelaromar.com\\\/wp-content\\\/uploads\\\/2026\\\/08\\\/favicon-aromar.png\",\"contentUrl\":\"https:\\\/\\\/www.hotelaromar.com\\\/wp-content\\\/uploads\\\/2026\\\/08\\\/favicon-aromar.png\",\"width\":512,\"height\":512,\"caption\":\"Hotel Aromar\"},\"image\":{\"@id\":\"https:\\\/\\\/www.hotelaromar.com\\\/es\\\/#\\\/schema\\\/logo\\\/image\\\/\"},\"sameAs\":[\"https:\\\/\\\/www.facebook.com\\\/hotelaromar.platjadaro\\\/\",\"https:\\\/\\\/www.instagram.com\\\/hotelaromar\\\/\",\"https:\\\/\\\/www.tiktok.com\\\/@aromarhotels\",\"https:\\\/\\\/www.linkedin.com\\\/company\\\/grup-aromar\\\/about\\\/\"]}]}<\/script>\n<!-- \/ Yoast SEO plugin. -->","yoast_head_json":{"title":"Pol\u00edtica de privacidad | Hotel Aromar","robots":{"index":"noindex","follow":"follow"},"og_locale":"es_ES","og_type":"article","og_title":"Pol\u00edtica de privacidad | Hotel Aromar","og_description":"Responsable: Hotel Aromar, S.A. &#8211; CIF: A08129538 Dir. Postal: Avda. De La Platja, 25 &#8211; Castell D Aro 17249 Girona \u201cEn nombre de la empresa tratamos la informaci\u00f3n que nos facilita con el fin de prestarles el servicio solicitado y realizar la facturaci\u00f3n del mismo. Los datos proporcionados se conservar\u00e1n mientras se mantenga la relaci\u00f3n&hellip;&nbsp;","og_url":"https:\/\/www.hotelaromar.com\/es\/politica-de-privacidad\/","og_site_name":"Hotel Aromar","article_publisher":"https:\/\/www.facebook.com\/hotelaromar.platjadaro\/","article_modified_time":"2026-09-03T07:03:08+00:00","og_image":[{"width":1200,"height":675,"url":"https:\/\/www.hotelaromar.com\/wp-content\/uploads\/2024\/04\/Aromar.jpg","type":"image\/jpeg"}],"twitter_card":"summary_large_image","twitter_misc":{"Tiempo de lectura":"1 minuto"},"schema":{"@context":"https:\/\/schema.org","@graph":[{"@type":"WebPage","@id":"https:\/\/www.hotelaromar.com\/es\/politica-de-privacidad\/","url":"https:\/\/www.hotelaromar.com\/es\/politica-de-privacidad\/","name":"Pol\u00edtica de privacidad | Hotel Aromar","isPartOf":{"@id":"https:\/\/www.hotelaromar.com\/es\/#website"},"datePublished":"2023-12-20T09:06:46+00:00","dateModified":"2026-09-03T07:03:08+00:00","breadcrumb":{"@id":"https:\/\/www.hotelaromar.com\/es\/politica-de-privacidad\/#breadcrumb"},"inLanguage":"es","potentialAction":[{"@type":"ReadAction","target":["https:\/\/www.hotelaromar.com\/es\/politica-de-privacidad\/"]}]},{"@type":"BreadcrumbList","@id":"https:\/\/www.hotelaromar.com\/es\/politica-de-privacidad\/#breadcrumb","itemListElement":[{"@type":"ListItem","position":1,"name":"Portada","item":"https:\/\/www.hotelaromar.com\/es\/"},{"@type":"ListItem","position":2,"name":"Pol\u00edtica de privacidad"}]},{"@type":"WebSite","@id":"https:\/\/www.hotelaromar.com\/es\/#website","url":"https:\/\/www.hotelaromar.com\/es\/","name":"Aromar Hotels & Restaurants","description":"La teva llar mediterr\u00e0nia davant del mar","publisher":{"@id":"https:\/\/www.hotelaromar.com\/es\/#organization"},"alternateName":"Aromar Hotels & Restaurants","potentialAction":[{"@type":"SearchAction","target":{"@type":"EntryPoint","urlTemplate":"https:\/\/www.hotelaromar.com\/es\/?s={search_term_string}"},"query-input":{"@type":"PropertyValueSpecification","valueRequired":true,"valueName":"search_term_string"}}],"inLanguage":"es"},{"@type":"Organization","@id":"https:\/\/www.hotelaromar.com\/es\/#organization","name":"Hotel Aromar","alternateName":"Aromar Hotels","url":"https:\/\/www.hotelaromar.com\/es\/","logo":{"@type":"ImageObject","inLanguage":"es","@id":"https:\/\/www.hotelaromar.com\/es\/#\/schema\/logo\/image\/","url":"https:\/\/www.hotelaromar.com\/wp-content\/uploads\/2026\/08\/favicon-aromar.png","contentUrl":"https:\/\/www.hotelaromar.com\/wp-content\/uploads\/2026\/08\/favicon-aromar.png","width":512,"height":512,"caption":"Hotel Aromar"},"image":{"@id":"https:\/\/www.hotelaromar.com\/es\/#\/schema\/logo\/image\/"},"sameAs":["https:\/\/www.facebook.com\/hotelaromar.platjadaro\/","https:\/\/www.instagram.com\/hotelaromar\/","https:\/\/www.tiktok.com\/@aromarhotels","https:\/\/www.linkedin.com\/company\/grup-aromar\/about\/"]}]}},"_links":{"self":[{"href":"https:\/\/www.hotelaromar.com\/es\/wp-json\/wp\/v2\/pages\/7309","targetHints":{"allow":["GET"]}}],"collection":[{"href":"https:\/\/www.hotelaromar.com\/es\/wp-json\/wp\/v2\/pages"}],"about":[{"href":"https:\/\/www.hotelaromar.com\/es\/wp-json\/wp\/v2\/types\/page"}],"author":[{"embeddable":true,"href":"https:\/\/www.hotelaromar.com\/es\/wp-json\/wp\/v2\/users\/1"}],"replies":[{"embeddable":true,"href":"https:\/\/www.hotelaromar.com\/es\/wp-json\/wp\/v2\/comments?post=7309"}],"version-history":[{"count":5,"href":"https:\/\/www.hotelaromar.com\/es\/wp-json\/wp\/v2\/pages\/7309\/revisions"}],"predecessor-version":[{"id":10759,"href":"https:\/\/www.hotelaromar.com\/es\/wp-json\/wp\/v2\/pages\/7309\/revisions\/10759"}],"wp:attachment":[{"href":"https:\/\/www.hotelaromar.com\/es\/wp-json\/wp\/v2\/media?parent=7309"}],"curies":[{"name":"wp","href":"https:\/\/api.w.org\/{rel}","templated":true}]}}

Política de privacidad

<div data-elementor-type="wp-page" data-elementor-id="7309" class="elementor elementor-7309 elementor-4453" data-elementor-post-type="page">
				<div class="elementor-element elementor-element-8a73b28 e-flex e-con-boxed e-con e-parent" data-id="8a73b28" data-element_type="container" data-e-type="container" data-settings="{&quot;background_background&quot;:&quot;classic&quot;}">
					<div class="e-con-inner">
				<div class="elementor-element elementor-element-1ad8b2c elementor-widget elementor-widget-heading" data-id="1ad8b2c" data-element_type="widget" data-e-type="widget" data-widget_type="heading.default">
				<div class="elementor-widget-container">
					<h1 class="elementor-heading-title elementor-size-default">Política de privacidad</h1>				</div>
				</div>
				<div class="elementor-element elementor-element-940b060 elementor-widget elementor-widget-text-editor" data-id="940b060" data-element_type="widget" data-e-type="widget" data-widget_type="text-editor.default">
				<div class="elementor-widget-container">
									<p>Responsable: Hotel Aromar, S.A. &#8211; CIF: A08129538 Dir. Postal: Avda. De La Platja, 25 &#8211; Castell D Aro 17249 Girona</p><p>“En nombre de la empresa tratamos la información que nos facilita con el fin de prestarles el servicio solicitado y realizar la facturación del mismo. Los datos proporcionados se conservarán mientras se mantenga la relación comercial o durante los años necesarios para cumplir con las obligaciones legales. Los datos no se cederán a terceros salvo en los casos en que exista una obligación legal. Usted tiene derecho a obtener confirmación sobre si en Hotel Aromar, S.A. estamos tratando sus datos personales por tanto tiene derecho a acceder a sus datos personales, rectificar los datos inexactos o solicitar su supresión cuando los datos ya no sean necesarios.</p>								</div>
				</div>
					</div>
				</div>
				</div>

<p>Responsable: Hotel Aromar, S.A. &#8211; CIF: A08129538 Dir. Postal: Avda. De La Platja, 25 &#8211; Castell D Aro 17249 Girona “En nombre de la empresa tratamos la información que nos facilita con el fin de prestarles el servicio solicitado y realizar la facturación del mismo. Los datos proporcionados se conservarán mientras se mantenga la relación&hellip;&nbsp;</p>

<!-- This site is optimized with the Yoast SEO plugin v28.4 - https://yoast.com/product/yoast-seo-wordpress/ -->
<title>Política de privacidad | Hotel Aromar</title>
<meta name="robots" content="noindex, follow" />
<meta property="og:locale" content="es_ES" />
<meta property="og:type" content="article" />
<meta property="og:title" content="Política de privacidad | Hotel Aromar" />
<meta property="og:description" content="Responsable: Hotel Aromar, S.A. &#8211; CIF: A08129538 Dir. Postal: Avda. De La Platja, 25 &#8211; Castell D Aro 17249 Girona “En nombre de la empresa tratamos la información que nos facilita con el fin de prestarles el servicio solicitado y realizar la facturación del mismo. Los datos proporcionados se conservarán mientras se mantenga la relación&hellip;&nbsp;" />
<meta property="og:url" content="https://www.hotelaromar.com/es/politica-de-privacidad/" />
<meta property="og:site_name" content="Hotel Aromar" />
<meta property="article:publisher" content="https://www.facebook.com/hotelaromar.platjadaro/" />
<meta property="article:modified_time" content="2026-09-03T07:03:08+00:00" />
<meta property="og:image" content="https://www.hotelaromar.com/wp-content/uploads/2024/04/Aromar.jpg" />
	<meta property="og:image:width" content="1200" />
	<meta property="og:image:height" content="675" />
	<meta property="og:image:type" content="image/jpeg" />
<meta name="twitter:card" content="summary_large_image" />
<meta name="twitter:label1" content="Tiempo de lectura" />
	<meta name="twitter:data1" content="1 minuto" />
<script type="application/ld+json" class="yoast-schema-graph">{"@context":"https:\/\/schema.org","@graph":[{"@type":"WebPage","@id":"https:\/\/www.hotelaromar.com\/es\/politica-de-privacidad\/","url":"https:\/\/www.hotelaromar.com\/es\/politica-de-privacidad\/","name":"Política de privacidad | Hotel Aromar","isPartOf":{"@id":"https:\/\/www.hotelaromar.com\/es\/#website"},"datePublished":"2023-12-20T09:06:46+00:00","dateModified":"2026-09-03T07:03:08+00:00","breadcrumb":{"@id":"https:\/\/www.hotelaromar.com\/es\/politica-de-privacidad\/#breadcrumb"},"inLanguage":"es","potentialAction":[{"@type":"ReadAction","target":["https:\/\/www.hotelaromar.com\/es\/politica-de-privacidad\/"]}]},{"@type":"BreadcrumbList","@id":"https:\/\/www.hotelaromar.com\/es\/politica-de-privacidad\/#breadcrumb","itemListElement":[{"@type":"ListItem","position":1,"name":"Portada","item":"https:\/\/www.hotelaromar.com\/es\/"},{"@type":"ListItem","position":2,"name":"Política de privacidad"}]},{"@type":"WebSite","@id":"https:\/\/www.hotelaromar.com\/es\/#website","url":"https:\/\/www.hotelaromar.com\/es\/","name":"Aromar Hotels & Restaurants","description":"La teva llar mediterrània davant del mar","publisher":{"@id":"https:\/\/www.hotelaromar.com\/es\/#organization"},"alternateName":"Aromar Hotels & Restaurants","potentialAction":[{"@type":"SearchAction","target":{"@type":"EntryPoint","urlTemplate":"https:\/\/www.hotelaromar.com\/es\/?s={search_term_string}"},"query-input":{"@type":"PropertyValueSpecification","valueRequired":true,"valueName":"search_term_string"}}],"inLanguage":"es"},{"@type":"Organization","@id":"https:\/\/www.hotelaromar.com\/es\/#organization","name":"Hotel Aromar","alternateName":"Aromar Hotels","url":"https:\/\/www.hotelaromar.com\/es\/","logo":{"@type":"ImageObject","inLanguage":"es","@id":"https:\/\/www.hotelaromar.com\/es\/#\/schema\/logo\/image\/","url":"https:\/\/www.hotelaromar.com\/wp-content\/uploads\/2026\/08\/favicon-aromar.png","contentUrl":"https:\/\/www.hotelaromar.com\/wp-content\/uploads\/2026\/08\/favicon-aromar.png","width":512,"height":512,"caption":"Hotel Aromar"},"image":{"@id":"https:\/\/www.hotelaromar.com\/es\/#\/schema\/logo\/image\/"},"sameAs":["https:\/\/www.facebook.com\/hotelaromar.platjadaro\/","https:\/\/www.instagram.com\/hotelaromar\/","https:\/\/www.tiktok.com\/@aromarhotels","https:\/\/www.linkedin.com\/company\/grup-aromar\/about\/"]}]}</script>
<!-- / Yoast SEO plugin. -->

Política de privacidad | Hotel Aromar

Responsable: Hotel Aromar, S.A. &#8211; CIF: A08129538 Dir. Postal: Avda. De La Platja, 25 &#8211; Castell D Aro 17249 Girona “En nombre de la empresa tratamos la información que nos facilita con el fin de prestarles el servicio solicitado y realizar la facturación del mismo. Los datos proporcionados se conservarán mientras se mantenga la relación&hellip;&nbsp;

La teva llar mediterrània davant del mar
